{"id":261,"date":"2025-10-31T09:11:55","date_gmt":"2025-10-31T09:11:55","guid":{"rendered":"https:\/\/www.les-legumes-dhilaire.com\/?page_id=261"},"modified":"2025-11-03T16:54:00","modified_gmt":"2025-11-03T16:54:00","slug":"nos-produits-particuliers","status":"publish","type":"page","link":"https:\/\/www.les-legumes-dhilaire.com\/?page_id=261","title":{"rendered":"Nos produits &#8211; Particuliers"},"content":{"rendered":"\n<figure class=\"wp-block-image alignfull size-large\"><img loading=\"lazy\" decoding=\"async\" width=\"1024\" height=\"576\" src=\"https:\/\/www.les-legumes-dhilaire.com\/wp-content\/uploads\/2025\/10\/Ajouter-un-sous-titre-3-1024x576.png\" alt=\"\" class=\"wp-image-168\" srcset=\"https:\/\/www.les-legumes-dhilaire.com\/wp-content\/uploads\/2025\/10\/Ajouter-un-sous-titre-3-1024x576.png 1024w, https:\/\/www.les-legumes-dhilaire.com\/wp-content\/uploads\/2025\/10\/Ajouter-un-sous-titre-3-300x169.png 300w, https:\/\/www.les-legumes-dhilaire.com\/wp-content\/uploads\/2025\/10\/Ajouter-un-sous-titre-3-768x432.png 768w, https:\/\/www.les-legumes-dhilaire.com\/wp-content\/uploads\/2025\/10\/Ajouter-un-sous-titre-3-600x337.png 600w, https:\/\/www.les-legumes-dhilaire.com\/wp-content\/uploads\/2025\/10\/Ajouter-un-sous-titre-3.png 1366w\" sizes=\"auto, (max-width: 1024px) 100vw, 1024px\" \/><\/figure>\n\n\n\n<h3 class=\"wp-block-heading alignwide has-text-align-center has-background has-medium-font-size\" style=\"border-radius:29px;background-color:#9b8a76;padding-top:var(--wp--preset--spacing--20);padding-bottom:var(--wp--preset--spacing--20)\"><strong>Nos lentilles vertes<\/strong><br><br>Cultiv\u00e9es avec soin sur nos terres, les&nbsp;<strong>l<\/strong>entilles vertes des L\u00e9gumes d\u2019Hilaire&nbsp;allient go\u00fbt, qualit\u00e9 et simplicit\u00e9.<br>Riches en prot\u00e9ines et en fibres, elles sont parfaites pour une cuisine saine et savoureuse, que ce soit en salade, en soupe ou en accompagnement d\u2019un plat chaud.<br>R\u00e9colt\u00e9es et tri\u00e9es directement \u00e0 la ferme, nos lentilles sont le reflet de notre engagement pour une&nbsp;agriculture locale et responsable.<br>Choisir nos lentilles vertes, c\u2019est faire le choix du&nbsp;bon sens, du go\u00fbt et du terroir.<br><br>Disponible en sachet de 500 g ou 1 kg<br>Livr\u00e9 en carton de 10 kg<\/h3>\n\n\n\n<div class=\"wp-block-buttons is-layout-flex wp-block-buttons-is-layout-flex\">\n<div class=\"wp-block-button has-custom-width wp-block-button__width-100\"><a class=\"wp-block-button__link wp-element-button\" href=\"https:\/\/www.temu.com\/goods.html?_bg_fs=1&amp;goods_id=604346574069516&amp;refer_page_name=manage_products&amp;refer_page_id=20365_1762188699735_0ckwj8j8ee&amp;refer_page_sn=20365&amp;_x_sessn_id=j60e569ltd\">Acheter des lentilles vertes<\/a><\/div>\n<\/div>\n","protected":false},"excerpt":{"rendered":"<p>Nos lentilles vertes Cultiv\u00e9es avec soin sur nos terres, les&nbsp;lentilles vertes des L\u00e9gumes d\u2019Hilaire&nbsp;allient go\u00fbt, qualit\u00e9 et simplicit\u00e9.Riches en prot\u00e9ines et en fibres, elles sont parfaites pour une cuisine saine et savoureuse, que ce soit en salade, en soupe ou en accompagnement d\u2019un plat chaud.R\u00e9colt\u00e9es et tri\u00e9es directement \u00e0 la ferme, nos lentilles sont le [&hellip;]<\/p>\n","protected":false},"author":1,"featured_media":0,"parent":0,"menu_order":0,"comment_status":"closed","ping_status":"closed","template":"page-no-title","meta":{"footnotes":""},"class_list":["post-261","page","type-page","status-publish","hentry"],"_links":{"self":[{"href":"https:\/\/www.les-legumes-dhilaire.com\/index.php?rest_route=\/wp\/v2\/pages\/261","targetHints":{"allow":["GET"]}}],"collection":[{"href":"https:\/\/www.les-legumes-dhilaire.com\/index.php?rest_route=\/wp\/v2\/pages"}],"about":[{"href":"https:\/\/www.les-legumes-dhilaire.com\/index.php?rest_route=\/wp\/v2\/types\/page"}],"author":[{"embeddable":true,"href":"https:\/\/www.les-legumes-dhilaire.com\/index.php?rest_route=\/wp\/v2\/users\/1"}],"replies":[{"embeddable":true,"href":"https:\/\/www.les-legumes-dhilaire.com\/index.php?rest_route=%2Fwp%2Fv2%2Fcomments&post=261"}],"version-history":[{"count":3,"href":"https:\/\/www.les-legumes-dhilaire.com\/index.php?rest_route=\/wp\/v2\/pages\/261\/revisions"}],"predecessor-version":[{"id":274,"href":"https:\/\/www.les-legumes-dhilaire.com\/index.php?rest_route=\/wp\/v2\/pages\/261\/revisions\/274"}],"wp:attachment":[{"href":"https:\/\/www.les-legumes-dhilaire.com\/index.php?rest_route=%2Fwp%2Fv2%2Fmedia&parent=261"}],"curies":[{"name":"wp","href":"https:\/\/api.w.org\/{rel}","templated":true}]}}